{"id":8,"date":"2014-03-03T13:46:56","date_gmt":"2014-03-03T11:46:56","guid":{"rendered":"http:\/\/www.voiteluasennus.fi\/?page_id=8"},"modified":"2024-01-14T13:16:07","modified_gmt":"2024-01-14T11:16:07","slug":"etusivu","status":"publish","type":"page","link":"https:\/\/www.voiteluasennus.fi\/","title":{"rendered":"Etusivu"},"content":{"rendered":"<p><img loading=\"lazy\" decoding=\"async\" class=\"alignleft size-full wp-image-89\" src=\"http:\/\/www.voiteluasennus.fi\/wp-content\/uploads\/2014\/03\/Voiteluasennus_logo.png\" alt=\"voiteluasennus_logo\" width=\"200\" height=\"139\" srcset=\"https:\/\/www.voiteluasennus.fi\/wp-content\/uploads\/2014\/03\/Voiteluasennus_logo.png 200w, https:\/\/www.voiteluasennus.fi\/wp-content\/uploads\/2014\/03\/Voiteluasennus_logo-100x70.png 100w, https:\/\/www.voiteluasennus.fi\/wp-content\/uploads\/2014\/03\/Voiteluasennus_logo-150x104.png 150w\" sizes=\"auto, (max-width: 200px) 100vw, 200px\" \/><\/p>\n<p>Voiteluasennus Oy tarjoaa kokonaisvaltaista palvelua liittyen voiteluj\u00e4rjestelmiin, yritys myy, asentaa ja huoltaa raskaan ajoneuvokaluston ja ty\u00f6koneiden SKF ja Lincoln keskusvoiteluj\u00e4rjestelmi\u00e4.<\/p>\n<p>Toimitilamme sijaitsevat Asikkalassa, ja toiminta aluettamme on koko Etel\u00e4-Suomi. Olemme toimineet vuodesta 1995, joten voiteluj\u00e4rjestelmist\u00e4 on useiden vuosien kokemus joka takaa ammattitaitoisen palvelun.<\/p>\n<p>SKF on markkinoiden johtava voiteluj\u00e4rjestelmien toimittaja, ja valikoimassamme on kaikki SKF tuotemerkin alla valmistettavat voiteluj\u00e4rjestelm\u00e4t (ent. Safematic, Vogel ja Lincoln).<\/p>\n<p><img loading=\"lazy\" decoding=\"async\" class=\"size-full wp-image-14 alignleft\" src=\"http:\/\/www.voiteluasennus.fi\/wp-content\/uploads\/2014\/03\/skf.png\" alt=\"skf\" width=\"104\" height=\"55\" srcset=\"https:\/\/www.voiteluasennus.fi\/wp-content\/uploads\/2014\/03\/skf.png 104w, https:\/\/www.voiteluasennus.fi\/wp-content\/uploads\/2014\/03\/skf-100x52.png 100w\" sizes=\"auto, (max-width: 104px) 100vw, 104px\" \/> <img loading=\"lazy\" decoding=\"async\" class=\"size-full wp-image-13 alignleft\" src=\"http:\/\/www.voiteluasennus.fi\/wp-content\/uploads\/2014\/03\/lincoln.png\" alt=\"lincoln\" width=\"134\" height=\"55\" srcset=\"https:\/\/www.voiteluasennus.fi\/wp-content\/uploads\/2014\/03\/lincoln.png 134w, https:\/\/www.voiteluasennus.fi\/wp-content\/uploads\/2014\/03\/lincoln-100x41.png 100w\" sizes=\"auto, (max-width: 134px) 100vw, 134px\" \/><\/p>\n<p>\u00a0<\/p>\n<p><img loading=\"lazy\" decoding=\"async\" class=\"wp-image-50 alignnone\" src=\"http:\/\/www.voiteluasennus.fi\/wp-content\/uploads\/2014\/05\/tilaajavastuu.png\" alt=\"tilaajavastuu\" width=\"200\" height=\"125\" srcset=\"https:\/\/www.voiteluasennus.fi\/wp-content\/uploads\/2014\/05\/tilaajavastuu.png 200w, https:\/\/www.voiteluasennus.fi\/wp-content\/uploads\/2014\/05\/tilaajavastuu-100x62.png 100w, https:\/\/www.voiteluasennus.fi\/wp-content\/uploads\/2014\/05\/tilaajavastuu-150x93.png 150w\" sizes=\"auto, (max-width: 200px) 100vw, 200px\" \/><\/p>\n<p><img loading=\"lazy\" decoding=\"async\" class=\"alignleft  wp-image-133\" src=\"http:\/\/www.voiteluasennus.fi\/wp-content\/uploads\/2021\/09\/SV-LOGO-2021.jpg\" alt=\"\" width=\"131\" height=\"188\" srcset=\"https:\/\/www.voiteluasennus.fi\/wp-content\/uploads\/2021\/09\/SV-LOGO-2021.jpg 209w, https:\/\/www.voiteluasennus.fi\/wp-content\/uploads\/2021\/09\/SV-LOGO-2021-100x144.jpg 100w, https:\/\/www.voiteluasennus.fi\/wp-content\/uploads\/2021\/09\/SV-LOGO-2021-150x215.jpg 150w, https:\/\/www.voiteluasennus.fi\/wp-content\/uploads\/2021\/09\/SV-LOGO-2021-200x287.jpg 200w\" sizes=\"auto, (max-width: 131px) 100vw, 131px\" \/><\/p>\n<p><img loading=\"lazy\" decoding=\"async\" class=\"alignleft  wp-image-132\" src=\"http:\/\/www.voiteluasennus.fi\/wp-content\/uploads\/2021\/09\/SV-LOGO-2020.jpg\" alt=\"\" width=\"132\" height=\"189\" srcset=\"https:\/\/www.voiteluasennus.fi\/wp-content\/uploads\/2021\/09\/SV-LOGO-2020.jpg 209w, https:\/\/www.voiteluasennus.fi\/wp-content\/uploads\/2021\/09\/SV-LOGO-2020-100x144.jpg 100w, https:\/\/www.voiteluasennus.fi\/wp-content\/uploads\/2021\/09\/SV-LOGO-2020-150x215.jpg 150w, https:\/\/www.voiteluasennus.fi\/wp-content\/uploads\/2021\/09\/SV-LOGO-2020-200x287.jpg 200w\" sizes=\"auto, (max-width: 132px) 100vw, 132px\" \/><\/p>\n<p><img loading=\"lazy\" decoding=\"async\" class=\"alignleft wp-image-120\" src=\"http:\/\/www.voiteluasennus.fi\/wp-content\/uploads\/2014\/03\/SV2019.jpg\" alt=\"SV2019\" width=\"134\" height=\"193\" srcset=\"https:\/\/www.voiteluasennus.fi\/wp-content\/uploads\/2014\/03\/SV2019.jpg 209w, https:\/\/www.voiteluasennus.fi\/wp-content\/uploads\/2014\/03\/SV2019-100x144.jpg 100w, https:\/\/www.voiteluasennus.fi\/wp-content\/uploads\/2014\/03\/SV2019-150x215.jpg 150w, https:\/\/www.voiteluasennus.fi\/wp-content\/uploads\/2014\/03\/SV2019-200x287.jpg 200w\" sizes=\"auto, (max-width: 134px) 100vw, 134px\" \/><img loading=\"lazy\" decoding=\"async\" class=\"alignleft wp-image-114\" src=\"http:\/\/www.voiteluasennus.fi\/wp-content\/uploads\/2014\/03\/SV_LOGO_Voiteluasennus_Havumaki_Oy_FI_382231_web.jpg\" alt=\"SV_LOGO_Voiteluasennus_Havumaki_Oy_FI_382231_web\" width=\"135\" height=\"193\" srcset=\"https:\/\/www.voiteluasennus.fi\/wp-content\/uploads\/2014\/03\/SV_LOGO_Voiteluasennus_Havumaki_Oy_FI_382231_web.jpg 209w, https:\/\/www.voiteluasennus.fi\/wp-content\/uploads\/2014\/03\/SV_LOGO_Voiteluasennus_Havumaki_Oy_FI_382231_web-100x144.jpg 100w, https:\/\/www.voiteluasennus.fi\/wp-content\/uploads\/2014\/03\/SV_LOGO_Voiteluasennus_Havumaki_Oy_FI_382231_web-150x215.jpg 150w, https:\/\/www.voiteluasennus.fi\/wp-content\/uploads\/2014\/03\/SV_LOGO_Voiteluasennus_Havumaki_Oy_FI_382231_web-200x287.jpg 200w\" sizes=\"auto, (max-width: 135px) 100vw, 135px\" \/><img loading=\"lazy\" decoding=\"async\" class=\"size-full wp-image-85 alignleft\" src=\"http:\/\/www.voiteluasennus.fi\/wp-content\/uploads\/2016\/08\/SuomenVahvimmat2016.jpg\" alt=\"SuomenVahvimmat2016\" width=\"164\" height=\"200\" srcset=\"https:\/\/www.voiteluasennus.fi\/wp-content\/uploads\/2016\/08\/SuomenVahvimmat2016.jpg 164w, https:\/\/www.voiteluasennus.fi\/wp-content\/uploads\/2016\/08\/SuomenVahvimmat2016-100x122.jpg 100w, https:\/\/www.voiteluasennus.fi\/wp-content\/uploads\/2016\/08\/SuomenVahvimmat2016-150x183.jpg 150w\" sizes=\"auto, (max-width: 164px) 100vw, 164px\" \/><\/p>\n\n\n<p><\/p>\n","protected":false},"excerpt":{"rendered":"<p><img loading=\"lazy\" decoding=\"async\" class=\"alignleft size-full wp-image-89\" src=\"http:\/\/www.voiteluasennus.fi\/wp-content\/uploads\/2014\/03\/Voiteluasennus_logo.png\" alt=\"voiteluasennus_logo\" width=\"200\" height=\"139\" srcset=\"https:\/\/www.voiteluasennus.fi\/wp-content\/uploads\/2014\/03\/Voiteluasennus_logo.png 200w, https:\/\/www.voiteluasennus.fi\/wp-content\/uploads\/2014\/03\/Voiteluasennus_logo-100x70.png 100w, https:\/\/www.voiteluasennus.fi\/wp-content\/uploads\/2014\/03\/Voiteluasennus_logo-150x104.png 150w\" sizes=\"auto, (max-width: 200px) 100vw, 200px\" \/><\/p>\n<p>Voiteluasennus Oy tarjoaa kokonaisvaltaista palvelua liittyen voiteluj\u00e4rjestelmiin, yritys myy, asentaa ja huoltaa raskaan ajoneuvokaluston ja ty\u00f6koneiden SKF ja Lincoln keskusvoiteluj\u00e4rjestelmi\u00e4.<\/p>\n<p>Toimitilamme sijaitsevat Asikkalassa, ja toiminta aluettamme on koko Etel\u00e4-Suomi. Olemme toimineet vuodesta 1995, joten voiteluj\u00e4rjestelmist\u00e4 on useiden vuosien kokemus joka takaa ammattitaitoisen palvelun.<\/p>\n<p><span class=\"ellipsis\">&hellip;<\/span><\/p>\n<div class=\"read-more\"><a href=\"https:\/\/www.voiteluasennus.fi\/\">Lue lis\u00e4\u00e4 \u203a<\/a><\/div>\n<p><!-- end of .read-more --><\/p>\n","protected":false},"author":1,"featured_media":0,"parent":0,"menu_order":0,"comment_status":"closed","ping_status":"closed","template":"full-width-page.php","meta":{"_bbp_topic_count":0,"_bbp_reply_count":0,"_bbp_total_topic_count":0,"_bbp_total_reply_count":0,"_bbp_voice_count":0,"_bbp_anonymous_reply_count":0,"_bbp_topic_count_hidden":0,"_bbp_reply_count_hidden":0,"_bbp_forum_subforum_count":0,"footnotes":""},"class_list":["post-8","page","type-page","status-publish","hentry"],"_links":{"self":[{"href":"https:\/\/www.voiteluasennus.fi\/index.php?rest_route=\/wp\/v2\/pages\/8","targetHints":{"allow":["GET"]}}],"collection":[{"href":"https:\/\/www.voiteluasennus.fi\/index.php?rest_route=\/wp\/v2\/pages"}],"about":[{"href":"https:\/\/www.voiteluasennus.fi\/index.php?rest_route=\/wp\/v2\/types\/page"}],"author":[{"embeddable":true,"href":"https:\/\/www.voiteluasennus.fi\/index.php?rest_route=\/wp\/v2\/users\/1"}],"replies":[{"embeddable":true,"href":"https:\/\/www.voiteluasennus.fi\/index.php?rest_route=%2Fwp%2Fv2%2Fcomments&post=8"}],"version-history":[{"count":19,"href":"https:\/\/www.voiteluasennus.fi\/index.php?rest_route=\/wp\/v2\/pages\/8\/revisions"}],"predecessor-version":[{"id":140,"href":"https:\/\/www.voiteluasennus.fi\/index.php?rest_route=\/wp\/v2\/pages\/8\/revisions\/140"}],"wp:attachment":[{"href":"https:\/\/www.voiteluasennus.fi\/index.php?rest_route=%2Fwp%2Fv2%2Fmedia&parent=8"}],"curies":[{"name":"wp","href":"https:\/\/api.w.org\/{rel}","templated":true}]}}